e
Is 1708519451 composite?
False
Is 391988893367 a composite number?
False
Is 617716754 composite?
True
Is 13698610019 prime?
True
Is 3123255769 a composite number?
False
Is 3483723871 prime?
True
Is 39639779 a composite number?
False
Is 8870881261 a composite number?
True
Is 269916763 a prime number?
True
Is 2515303181 prime?
True
Is 476720501 prime?
True
Is 2743196773 a composite number?
True
Is 1576951219 composite?
False
Is 181136986777 a composite number?
False
Is 5520725473 prime?
True
Is 36273101509 a composite number?
True
Is 1523159893 a prime number?
True
Is 1540276253 composite?
False
Is 10562986429 a prime number?
True
Is 9060928859 composite?
False
Is 53256337 prime?
False
Is 5374898609 a composite number?
False
Is 118525810943 prime?
True
Is 1174166891 prime?
False
Is 23536009241 a composite number?
True
Is 397715503 prime?
False
Is 17039079349 a composite number?
False
Is 8730611671 composite?
True
Is 713398157 a composite number?
False
Is 1763391757 prime?
True
Is 28947601021 a composite number?
False
Is 274999051027 a composite number?
False
Is 26464623733 prime?
True
Is 5165751163 prime?
False
Is 2542511317 a prime number?
True
Is 6432885665 a composite number?
True
Is 6148405943 a prime number?
True
Is 17442349009 prime?
False
Is 1251373217 prime?
True
Is 18441905569 a prime number?
True
Is 1988809597 a prime number?
True
Is 5130121517 a prime number?
True
Is 22539413087 composite?
True
Is 4287229927 a prime number?
True
Is 80230841 composite?
True
Is 793581749 composite?
False
Is 454199173 composite?
False
Is 263713039 a composite number?
False
Is 783319787 a prime number?
True
Is 2902183187 composite?
True
Is 460251697 a prime number?
True
Is 14637730291 composite?
False
Is 18384259841 a composite number?
False
Is 107750259917 a prime number?
True
Is 1046276833 prime?
False
Is 7154257807 prime?
False
Is 72189951557 a prime number?
True
Is 8454970723 composite?
True
Is 261512453 prime?
True
Is 3906959237 composite?
True
Is 397443203 a composite number?
False
Is 3393399299 composite?
False
Is 54893241161 a prime number?
False
Is 630888437 composite?
False
Is 31646067877 prime?
False
Is 1788048557 composite?
False
Is 132300821561 a prime number?
False
Is 1966875241 composite?
False
Is 1021950343 prime?
False
Is 12748777682 a prime number?
False
Is 127032674723 composite?
False
Is 6213258427 prime?
True
Is 2008740089 a prime number?
True
Is 5472822727 prime?
True
Is 3556488407 a composite number?
False
Is 1587632399 a composite number?
True
Is 1293593423 a prime number?
True
Is 746879501 a composite number?
True
Is 68817295621 a prime number?
False
Is 1868695547 a composite number?
True
Is 1047039703 composite?
False
Is 7098977117 prime?
False
Is 1779445345 a composite number?
True
Is 10710825529 prime?
False
Is 22842976061 prime?
True
Is 4325000117 a composite number?
True
Is 3792770419 prime?
False
Is 1671010711 a composite number?
True
Is 10650062858 a composite number?
True
Is 10567878821 prime?
True
Is 33114955691 prime?
True
Is 141696070147 a prime number?
True
Is 29772364429 a prime number?
False
Is 16868068153 a composite number?
False
Is 2355685667 composite?
False
Is 355214107 a prime number?
True
Is 11259742799 a composite number?
True
Is 16739373233 a prime number?
False
Is 192676837 a prime number?
False
Is 375539137 prime?
False
Is 306565027 composite?
False
Is 1170277097 a composite number?
True
Is 227503097 a prime number?
False
Is 588840293 a composite number?
True
Is 7114989043 composite?
True
Is 3115160297 a prime number?
True
Is 9361752635 a composite number?
True
Is 303189431 composite?
True
Is 447722983 composite?
False
Is 10462205062 prime?
False
Is 2054345939 a composite number?
True
Is 86236391 a composite number?
False
Is 10221774377 a prime number?
False
Is 347593511 a composite number?
False
Is 24107684143 a composite number?
False
Is 273640405 composite?
True
Is 4392243679 a prime number?
False
Is 672702179 prime?
True
Is 51837376267 prime?
True
Is 1091779411 a prime number?
True
Is 10393638103 a composite number?
False
Is 4086000641 a composite number?
False
Is 1464675437 composite?
True
Is 35650445251 prime?
False
Is 27803712943 a prime number?
True
Is 2756644021 a prime number?
False
Is 340807057 a composite number?
False
Is 4701559619 prime?
True
Is 1194238777 a prime number?
False
Is 6353211307 a composite number?
False
Is 97038349 prime?
False
Is 11741608873 composite?
False
Is 1342351733 a composite number?
False
Is 185526259 a composite number?
True
Is 9108854221 composite?
True
Is 48373020301 a composite number?
False
Is 42009659 composite?
True
Is 82600077797 composite?
False
Is 5155283039 composite?
False
Is 155178462413 a prime number?
False
Is 288506143 a prime number?
True
Is 6787689289 a prime number?
False
Is 176347704133 prime?
False
Is 10843551757 prime?
False
Is 16233066821 prime?
False
Is 217677869 a prime number?
True
Is 138981311949 a composite number?
True
Is 1638236945 prime?
False
Is 167714568323 composite?
True
Is 19744993049 a prime number?
True
Is 2859796003 a composite number?
True
Is 574743611 composite?
True
Is 1423471787 a composite number?
False
Is 8258553311 a prime number?
False
Is 1260541903 a prime number?
False
Is 8066992169 composite?
False
Is 57480646919 a prime number?
False
Is 515127491 prime?
True
Is 212533367 a prime number?
True
Is 2440623823 a prime number?
False
Is 53672759 composite?
True
Is 16184141041 a composite number?
True
Is 2979225329 prime?
False
Is 9160799591 composite?
False
Is 924368323 composite?
True
Is 97467649 composite?
False
Is 1448226253 a prime number?
True
Is 16655334989 a composite number?
False
Is 65830668689 a composite number?
False
Is 556121647 prime?
True
Is 443865283 a prime number?
False
Is 13538297371 a composite number?
False
Is 53816937101 a prime number?
False
Is 513843833 a composite number?
False
Is 78256586779 a prime number?
False
Is 2118082951 prime?
False
Is 14554320269 a composite number?
True
Is 4692382949 composite?
False
Is 3127221659 prime?
False
Is 590015719 prime?
False
Is 1029509941 a prime number?
False
Is 76088771699 a prime number?
False
Is 344647399 prime?
False
Is 23826366533 a composite number?
False
Is 873167639 a prime number?
False
Is 47214724859 prime?
True
Is 1299217291 a prime number?
True
Is 302467699 a prime number?
False
Is 21193477399 a prime number?
True
Is 1408552267 a composite number?
False
Is 22673582081 a composite number?
True
Is 66763343 a prime number?
False
Is 139641713 a prime number?
False
Is 47467489 prime?
False
Is 924509797 prime?
True
Is 2974880239 prime?
True
Is 13564267117 prime?
False
Is 904906159 prime?
True
Is 14194210787 a prime number?
True
Is 22424188901 a composite number?
False
Is 110140628263 composite?
True
Is 91355504479 a prime number?
False
Is 8827977133 prime?
True
Is 3460300355 a prime number?
False
Is 950856229 prime?
False
Is 2474668153 a prime number?
True
Is 79571911103 composite?
True
Is 10626601517 prime?
False
Is 2511053771 prime?
False
Is 1764796685 prime?
False
Is 19277273 a composite number?
True
Is 780523039 a prime number?
False
Is 18532561 composite?
False
Is 55743233831 a prime number?
True
Is 192572659 a composite number?
True
Is 6595223903 composite?
True
Is 6208486831 prime?
False
Is 923539 prime?
True
Is 1835470513 composite?
False
Is 15422396497 a prime number?
False
Is 3470479669 prime?
True
Is 488833463 a prime number?
False
Is 9497704361 a prime number?
True
Is 56620430051 prime?
True
Is 41141643053 a composite number?
True
Is 1330917157 composite?
False
Is 3195254123 a prime number?
True
Is 10286165719 a prime number?
False
Is 4032059029 prime?
True
Is 5325503153 composite?
False
Is 3165580699 a composite number?
False
Is 7703931649 prime?
False
Is 4992874519 composite?
False
Is 15602327159 a composite number?
False
Is 10830453499 a prime number?
True
Is 1360647023 prime?
True
Is 443473487 a prime number?
True
Is 4181104243 a composite number?
True
Is 454193427 composite?
True
Is 914698406 a prime number?
False
Is 1944967057 composite?
True
Is 95450765797 composite?
True
Is 2091677227 prime?
False
Is 28655076059 composite?
True
Is 53937880193 a composite number?
True
Is 27941352287 a composite number?
False
Is 10938846449 a compos